is (-3 - -2) + 1 - (-1 + 2)?
-1
What is -7 - -8 - (-1 - -3 - 1)?
0
What is the value of -4 + (-3 + 2 - -5 - 3)?
-3
What is the value of -15 - -13 - (4 - 10)?
4
Calculate (1 - -2) + (-3 - 2) - -1.
-1
Calculate -11 + 7 + 1 + -2.
-5
Evaluate -5 + 4 + -2 - 0.
-3
What is the value of -2 - 0 - (-3 - (2 - 6))?
-3
What is 10 + -10 - (1 - 0) - -4?
3
-5 - 1 - -1 - (-1 + 0)
-4
What is the value of (-6 - -3) + -1 + 1?
-3
Evaluate -64 + 72 - (6 + -1).
3
Evaluate (-4 - -8) + -3 + 0 - 0.
1
0 - (-2 + -2) - (-3 - -2)
5
Evaluate (-2 - 0 - -1) + 90 + -92.
-3
Calculate (8 - (5 + 6)) + 4.
1
What is the value of 1 + 1 - (-18 - -8 - -8)?
4
Calculate (3 - -4 - -2) + -6.
3
What is the value of -6 - ((4 - (-5 - -6)) + -3)?
-6
What is -2 - -5 - (-4 - 0 - -10)?
-3
Calculate (10 - 8) + (-7 - -1).
-4
What is (-4 - -2) + 2 + 1 + 3?
4
What is the value of (4 - 0 - (-12 + 25)) + 4?
-5
Calculate (0 - -1) + (-13 - -16).
4
What is the value of 34 + -8 + -13 + -2?
11
16 + 6 + -12 + -3 - 15
-8
Evaluate -7 + 1 - (-1 - 1).
-4
Calculate 15 - -1 - (17 + -10).
9
What is the value of -27 + 12 + 22 - (-1 - -2)?
6
Calculate 0 + -2 - (1 - 7).
4
Evaluate -12 - ((-8 - 21) + 12).
5
What is the value of 0 + -4 + 2 + -7?
-9
What is the value of -2 - 6 - (11 + -13)?
-6
((-1 - -2) + 5 - -5) + -5
6
Evaluate 3 + (2 - (4 - -6)).
-5
Calculate (1 - -2) + -10 + 3 - -1.
-3
(-2 - (4 + -4)) + 4
2
Evaluate (7 - 2) + -4 + 5 + -7.
-1
-1 + (-5 - (-2 + -8) - 1)
3
What is the value of 4 - -2 - 6 - -3 - 7?
-4
0 + 3 + (6 - 0) - 5
4
What is the value of (2 - (-4 + 3)) + -1?
2
-4 - (-21 - -9) - (2 + 4)
2
(-6 - (-5 + -1 + 2)) + 2
0
Calculate (3 - 3) + 4 + 0.
4
Calculate (-2 + 5 - 9) + 3 + -1.
-4
What is the value of -3 + -1 + (10 - 9 - -5)?
2
What is the value of 6 + 1 + (-22 - (4 + -10))?
-9
What is -1 + -2 - (-5 - -1) - -3?
4
What is the value of (2 - (2 + 1)) + 11 + -16?
-6
Evaluate -1 + (3 - -1) + -1 + -9.
-7
What is the value of (-5 - (6 + -7)) + 0?
-4
What is -2 + (17 - 8) + -10?
-3
2 - (2 + -6) - 10
-4
Calculate -8 + (-5 - -3) + 7.
-3
Evaluate -1 - (-4 + 0) - (-1 - -9).
-5
What is (-6 - 1) + -31 + 44?
6
Evaluate -1 + 2 + 3 + -1 + 2.
5
0 + (-7 - (1 + -3))
-5
What is 0 + 1 + (-14 - -6)?
-7
What is the value of (-87 - -97) + (-7 - 1)?
2
Calculate 6 + -5 + -5 - (-10 + 2).
4
Calculate 5 + 2 + 1 + (-3 - -1).
6
Evaluate 10 - (11 - 1 - 3).
3
Calculate (19 - 16) + (1 - 0).
4
Calculate (-3 - 1 - 0) + (9 - 8).
-3
Evaluate 0 + 3 - (3 + 1).
-1
Evaluate (-4 - (5 + -15)) + -6 - -4.
4
What is the value of -8 + (10 - (-1 + 8))?
-5
What is -6 + 7 + (0 - 5)?
-4
Calculate 4 + -2 + -1 + 1.
2
4 - 2 - -1 - -2
5
Evaluate (-6 - -2) + -5 + 6.
-3
Evaluate 0 + -3 + 9 - (4 - 1).
3
What is the value of (0 - 5) + (25 + -12 - 8)?
0
4 + (4 - 7) + 1 + -2
0
What is the value of -1 + 5 + -7 + 8?
5
Calculate (-20 - 1) + -24 + 36.
-9
(-4 - (-5 + 2)) + 3
2
Evaluate 63 + -75 - (3 + -9 + 3).
-9
1 + 3 + -1 + -7
-4
What is the value of 8 - (0 - (-9 - -7))?
6
Calculate 0 + 0 + -7 + 14 + 0.
7
What is the value of 2 + -4 + -1 - (37 - 38)?
-2
0 + (-1 + 1 + 3 - 3)
0
What is -3 - (-2 - -1 - 0)?
-2
Evaluate -16 - (-2 + -3 + -5).
-6
What is (0 - (-2 - -2)) + -3?
-3
What is the value of -48 - -38 - (-5 + 1 + 0)?
-6
What is 4 + 0 + 0 - (116 - 118)?
6
What is (5 + -5 - 4) + -3 + 3?
-4
Calculate -7 - (-19 + 4 + 14).
-6
Calculate 1 - (-2 + -1 + 0 + -1).
5
Evaluate (-3 - (-4 + 6)) + 1 - 2.
-6
Calculate 0 + 1 + 1 + -9 + 4.
-3
What is (-18 - -12 - -13) + -9?
-2
What is the value of 14 - (4 - -1 - -3)?
6
Calculate (2 - 2 - 0) + -83 + 77.
-6
What is 5 + 4 + (-6 - -1)?
4
-12 + 9 + 2 - 6
-7
What is the value of -17 + (1 - -5) - -9?
-2
Calculate -38 + 36 + (0 - -1).
-1
Evaluate (3 - 5) + (2 + 1 - -2).
3
What is -11 + 8 + 3 + -3 + 5?
2
-4 - 0 - 1 - -4 - 1
-2
0 - ((-7 - 1) + 4)
4
Calculate 0 + 2 - (-4 - -2 - -5).
-1
Calculate 8 + (-18 - (-21 - -9)).
2
Evaluate (0 - (12 + -6)) + 5 - 4.
-5
10 + -14 + 11 + (-7 - 0)
0
What is -2 + (-1 - 2) + 15 + -3?
7
(-6 - (-6 + -11)) + -3
8
What is -2 + -1 - (7 + -10)?
0
Calculate -2 - ((-10 - 0) + 2).
6
What is the value of 0 + 0 + -2 + (7 - 0)?
5
Evaluate 0 - (-4 + 7 - -2).
-5
Calculate -1 + -6 - (-3 + -8).
4
Calculate 3 + 1 - (-4 + -4 + 12).
0
What is the value of -5 + (-1 - 1) + (7 - 3)?
-3
Evaluate 4 - (0 + 2 - 2).
4
Evaluate -1 + 6 + 1 + -1.
5
Evaluate -3 + (8 + -1 - 6) + 4.
2
Evaluate 0 - (6 + -5 + -3).
2
Calculate 5 + (2 - -2 - 4) + -3.
2
Evaluate -2 - (-6 + 1 + 5).
-2
Evaluate -56 + 54 - (-6 + 0).
4
What is 74 + -69 + (-2 - -1 - 4)?
0
What is 2 + (-3 - -3) + -2 + 4?
4
Evaluate -2 - ((-13 - 2) + 6) - 4.
3
1 - -3 - (5 - (2 - 6))
-5
What is the value of (-1 - 4) + 25 + -21?
-1
What is the value of -2 - (0 + -10 + -4 + 7)?
5
What is the value of 9 + (0 - 5) - 0?
4
What is the value of 1 - (-3 - (-2 + -4))?
-2
What is the value of (-4 - (-8 + 2)) + -1 + 3?
4
Evaluate 7 - 1 - ((0 - -4) + 0).
2
Evaluate 5 - (0 + 6) - (2 - 9).
6
Evaluate -25 - -25 - (1 + -9).
8
Evaluate -1 - -3 - (0 - 2).
4
Evaluate 2 + -3 + -1 + 5 + -7.
-4
What is the value of -1 - (-8 - (4 + -8))?
3
What is 2 - 0 - (3 - 6)?
5
What is 3 + 0 + 2 + (-11 - -6)?
0
What is -12 + 11 + -1 - (-2 + 6)?
-6
Evaluate 2 + (5 - 2) + 1 + -8.
-2
(-4 - (-8 - -3)) + -4
-3
(2 - 11) + -16 + 22
-3
What is the value of -1 + 1 - (-3 + 3 + 0)?
0
(-3 - (-4 - -4)) + (0 - -8)
5
Calculate (-3 - (-2 - (3 - 9))) + 2.
-5
What is 1 - 9 - (14 + -15) - -3?
-4
-2 - (-5 - -7 - -1)
-5
5 + -7 + -4 + 5 + -6
-7
Calculate 1 + 1 - 2 - (15 + -15).
0
What is -1 + (-1 - (0 + -1))?
-1
Evaluate 3 + (-3 - (7 - 2)).
-5
What is the value of 3 - (4 - 6 - -8)?
-3
Calculate 3 + 4 - 3 - 6.
-2
Evaluate -4 + (6 - (-8 + 16)).
-6
Evaluate 0 + -2 + -3 - -1.
-4
-1 + 0 + -5 + 6 + 2
2
Calculate -7 + 4 + (-2 - 4 - -13).
4
Evaluate (-3 + 2 + -2 - -3) + -1.
-1
What is (1 - (-3 - (-7 - -2))) + -4?
-5
Evaluate (1 - 0) + 3 - (-12 + 17).
-1
0 + (-1 + 12 - 7)
4
Calculate 2 + -1 + -7 + 10.
4
What is the value of -4 - -6 - (2 - 5)?
5
Evaluate (-1 - -2) + (-9 - (-6 - 0)).
-2
Evaluate 1 + (1 - -4) - 2.
4
What is the value of 0 - (3 + (-4 - 7)) - 5?
3
What is the value of 2 + -9 + 2 + 3?
-2
Evaluate 32 - 34 - (0 - -1) - -3.
0
What is the value of (0 - (-2 - -2)) + -3 + 0?
-3
What is 4 + -1 + 6 + -4?
5
-7 - -4 - -5 - (-1 - 2)
5
Evaluate -2 - -5 - (3 - 6).
6
-19 + 16 - (-2 - (4 + -2))
1
Calculate (-24 - -23) + (-5 - -2) + 0.
-4
Evaluate (40 - 44) + (-1 - -1 - -10).
6
-13 + 11 + -8 + 15
5
What is -7 - 1 - (27 - 30)?
-5
Calculate 2 - 0 - (-28 - -33).
-3
What is 18 - 10 - (12 - 4)?
0
Evaluate -9 + (15 - 0) + -9.
-3
Calculate (-1 - 1) + (6 - 0).
4
What is the value of (0 - (-25 + 20)) + (-4 - 2)?
-1
(-3 - -6 - 5) + 5 + -2
1
What is the value of 5 + 7 + (-12 - -4)?
4
-7 - (1 - -4 - 9)
-3
-4 + 6 + 1 - (-1 + 0)
4
What is the value of 0 - (4 + -2) - (7 + -9)?
0
What is -1 + 2 - ((0 - 1) + 0)?
2
What is the value of -3 - (2 - 3) - -1?
-1
-2 - (1 + (6 - 4))
-5
What is the value of -3 - 0 - (-14 - -12)?
-1
Calculate -8 - -1 - (17 - 22).
-2
-14 - -12 - (-2 - (0 + 3))
3
Calculate (8 - 3) + -4 + -4 + 1.
-2
-1 + 6 + 50 + -47 + 0
8
What is the value of 1 - -2 - (0 - -8)?
-5
22 + -8 + (2 - 7) - 5
4
What is -1 + 1 - (-4 + 2)?
2
Calculate (-3 - (-6 + -1 + 2)) + 0.
2
Calculate 8 + -4 + (-8 - 1).
-5
Evaluate -2 + 0 - 2 - (-9 + 3).
2
Calculate (2 - -4) + 5 + -2 + -7.
2
(0 - 6) + 3 + -10 + 4
-9
What is the value of 1 + -6 - -7 - 8?
-6
Evaluate 1 + -5 + (3 - 4) + 1.
-4
Calculate (-2 - 7) + 26 + (2 - 15).
4
(1 - -3) + 17 + -17
4
What is -2 - 1 - ((-4 - -3) + 2)?
-4
What is -6 + -3 + (2 - 0) + 1?
-6
4 - ((-2 - 4 - -2) + 5)
3
Calculate (-25 - -13) + (-1 - -11).
-2
Calculate -2 + -1 + 2 + -4 + 0.
-5
(-31 - -36) + 1 + -1
5
What is -17 - -21 - (3 + -1)?
2
Calculate (3 - 4) + (2 - 5).
-4
What is the value of -3 + 0 - (23 + -22)?
-4
What is (55 + -56 - (0 - 3)) + -8?
-6
Calculate -2 + -3 + (16 - 7).
4
Calculate -10 - (-2 - (-5 - (1 - 9))).
-5
Calculate (0 + 4 - 2) + -12 + 9.
-1
Evaluate -19 + 22 + -1 + -6 - 0.
-4
What is the value of 6 - 11 - -7 - (1 + -1)?
2
What is (2 - (5 + -3)) + (-12 - -13)?
1
What is 4 + (-2 - -10) - 17?
-5
What is the value of -9 - (-1 + (4 - 8 - 0))?
-4
What is the value of 1 + 2 + -3 + -4?
-4
Calculate 2 + -6 + -5 + 6.
-3
What is 8 + (0 - 3) + -6?
-1
What is 11 + -4 - 5 - 4?
-2
What is -2 + (20 - 23) + (0 - -5)?
0
Evaluate (-7 - 1) + (5 - (3 + -1)).